l(i) = 3*i**2 + 69*i - 278. What is l(4)?
46
Let i(k) = 130*k**3 - 911*k**2 + 7*k - 1. Determine i(7).
-1
Let g(a) = a**3 + 71*a**2 - 216*a + 459. What is g(-74)?
15
Let z(i) = 90*i + 796. Calculate z(-17).
-734
Let f(w) = -w**3 - 9*w**2 + 216*w - 34. What is f(-20)?
46
Let q(k) = -947*k - 2818. Calculate q(-3).
23
Let p(b) = -8*b**3 + 191*b**2 + 30*b - 58. Give p(24).
86
Let a(c) = -115*c + 801. Give a(7).
-4
Let v(q) = 14*q**2 + 77*q - 31. What is v(-7)?
116
Let h(z) = 2*z**2 - 123. Calculate h(-9).
39
Let p(m) = m**3 - m**2 - 36*m + 13. Determine p(6).
-23
Let s(y) = 2*y**3 - 8*y**2 + 27*y + 12. What is s(7)?
495
Let o(s) = -35*s**2 + 159*s - 23. Give o(4).
53
Let w(b) = 23*b + 358. Give w(-19).
-79
Let g(p) = -p**3 + 9*p**2 - 3*p + 142. Give g(10).
12
Let n(o) = o**2 + 96*o + 1553. What is n(-73)?
-126
Let l(a) = 3*a**3 + 12*a**2 + 27*a + 8. Calculate l(-5).
-202
Let n(s) = s**2 + 17*s - 117. Give n(9).
117
Let n(m) = -m**3 - 19*m**2 - 7*m - 120. Determine n(-19).
13
Let v(q) = q**3 - 10*q**2 - 2*q - 28. Give v(7).
-189
Let i(f) = -241*f - 6210. Calculate i(-26).
56
Let p(d) = -2*d**3 - 223*d**2 + 116*d + 299. What is p(-112)?
-149
Let a(s) = s**3 - 11*s**2 - 16*s + 171. Give a(11).
-5
Let d(b) = 495*b - 2081. Give d(4).
-101
Let c(z) = -40*z - 613. What is c(-18)?
107
Let p(d) = -2*d**2 - 18*d + 93. Calculate p(6).
-87
Let l(r) = 4*r**2 + 58*r - 847. Determine l(9).
-1
Let k(d) = -2*d**2 + 85*d - 851. Calculate k(18).
31
Let q(h) = h**2 - 17*h - 187. Determine q(26).
47
Let y(u) = -3*u + 85. Calculate y(14).
43
Let d(q) = 13*q - 626. Give d(46).
-28
Let d(t) = -t**3 + t**2 + 46*t + 111. Calculate d(-3).
9
Let c(n) = -1764*n - 1759. Calculate c(-1).
5
Let y(l) = 86*l**2 - 7*l + 18. Determine y(-2).
376
Let f(q) = -108*q + 2060. What is f(19)?
8
Let g(t) = t**3 - 64*t**2 + 73*t - 760. Give g(63).
-130
Let u(z) = 2568*z - 17976. Calculate u(7).
0
Let v(r) = r + 92. Give v(-99).
-7
Let u(m) = m**3 + 8*m**2 - 61*m - 420. Give u(-10).
-10
Let h(q) = -q**3 + 56*q**2 - 211*q + 157. Calculate h(52).
1
Let z(y) = 6*y**3 - y + 5. Determine z(-2).
-41
Let w(c) = 17*c + 365. Calculate w(-19).
42
Let i(x) = x**3 - 7*x**2 + 12175*x - 85230. What is i(7)?
-5
Let f(h) = -24*h + 113. Give f(5).
-7
Let z(w) = 29*w + 57. What is z(4)?
173
Let r(c) = c**2 + 196*c + 3982. Give r(-23).
3
Let z(s) = 4*s**2 + 98*s + 440. Give z(-19).
22
Let f(s) = 3*s**3 + 3*s**2 + 27*s + 80. Give f(-3).
-55
Let h(u) = u**3 - u**2 - 105*u + 2. Give h(0).
2
Let i(k) = -158*k - 833. Calculate i(-5).
-43
Let y(h) = 9*h**3 + 19*h**2 + h - 2. Give y(-1).
7
Let u(h) = h**3 - 11*h**2 - 6*h - 475. Determine u(13).
-215
Let w(v) = 152*v - 1711. Give w(12).
113
Let p(n) = -18*n**2 - 107*n - 11. Calculate p(-5).
74
Let u(f) = -3*f**2 - 38*f + 159. What is u(6)?
-177
Let i(p) = -p**2 - p + 10101. Calculate i(-101).
1
Let u(g) = -227*g - 2653. Give u(-11).
-156
Let g(q) = 48*q**2 + 225*q - 79. What is g(-5)?
-4
Let u(v) = v**3 + 6*v**2 - 25*v + 67. What is u(-8)?
139
Let m(a) = a**3 + 16*a**2 - 4*a - 60. Determine m(-16).
4
Let t(d) = 107*d + 553. Determine t(-5).
18
Let t(w) = -6*w**3 + 222*w**2 + 8*w + 60. Give t(37).
356
Let n(s) = -s**3 - 20*s**2 + 14*s - 255. What is n(-21)?
-108
Let x(y) = -y**2 + 33*y + 340. Determine x(-10).
-90
Let a(s) = -19*s**3 + 214*s**2 - 174*s - 39. Give a(1).
-18
Let h(b) = b**3 - 40*b**2 + 352*b + 305. Calculate h(26).
-7
Let z(t) = -2*t**3 - 67*t**2 - 23*t + 314. Calculate z(-33).
-16
Let h(t) = 2*t**3 + 6*t**2 - 2*t - 5. Calculate h(-3).
1
Let f(v) = v**3 + 13*v**2 + 19*v - 7. Calculate f(-11).
26
Let l(s) = s**3 - 18*s**2 + 60*s + 90. What is l(12)?
-54
Let s(f) = 3*f - 16. What is s(-5)?
-31
Let t(o) = -9*o + 260. Calculate t(35).
-55
Let b(v) = -2*v**2 - 354*v - 2073. What is b(-6)?
-21
Let s(h) = -30*h - 85. Calculate s(-4).
35
Let a(b) = 13*b + 176. Give a(-16).
-32
Let b(h) = -h**3 + 61*h**2 - 49*h + 291. Calculate b(60).
951
Let n(y) = -y**2 - 15*y + 328. What is n(11)?
42
Let q(l) = 3*l**2 - 21*l + 80. What is q(12)?
260
Let t(u) = -u**2 - 14*u - 50. Give t(-11).
-17
Let q(y) = -y**2 + 15*y + 927. What is q(39)?
-9
Let q(c) = c**3 + 10*c**2 - 2*c - 19. Calculate q(-6).
137
Let m(l) = -26*l**3 - 7*l**2 - 8*l - 11. Give m(-2).
185
Let f(i) = 2*i**3 - 58*i**2 - 24*i + 37. Determine f(30).
1117
Let b(n) = 100*n - 200. Determine b(2).
0
Let b(h) = -h**2 - 7*h + 236. What is b(-19)?
8
Let h(j) = -54*j - 227. Determine h(-5).
43
Let n(l) = 3793*l - 22796. Give n(6).
-38
Let m(y) = 3*y**3 + 14*y**2 + 29*y - 6. What is m(-4)?
-90
Let a(i) = i**3 - 8*i**2 + 19*i - 21. Determine a(3).
-9
Let x(m) = -m**3 - 6*m**2 + 11. What is x(-4)?
-21
Let i(f) = -2*f**3 + 9*f**2 + 27*f + 8. Calculate i(8).
-224
Let d(l) = 2*l**3 + 240*l**2 - 12*l - 637. Determine d(-120).
803
Let d(r) = -2*r**3 - r**2 - 362*r + 736. Give d(2).
-8
Let w(s) = -s**3 + 25*s**2 + 156*s + 159. Determine w(-4).
-1
Let h(n) = -19*n + 2179. Determine h(115).
-6
Let u(o) = -34*o**2 - 624*o + 1898. Calculate u(-21).
8
Let y(q) = q**2 + 29*q - 1277. Calculate y(23).
-81
Let g(h) = -h**3 - 9*h**2 - 2984*h - 23788. Calculate g(-8).
20
Let b(f) = 35*f - 575. Determine b(2).
-505
Let k(x) = -x**3 + 11*x**2 - 25*x + 86. Calculate k(8).
78
Let l(z) = -10991*z - 8. Determine l(0).
-8
Let b(o) = 11*o**2 - 81*o - 10. Calculate b(7).
-38
Let c(y) = 12*y - 1082. Give c(90).
-2
Let i(m) = -16*m**3 - 2*m**2 + 2*m. Calculate i(1).
-16
Let h(w) = -w**3 + 12*w**2 + 55*w - 694. Determine h(8).
2
Let u(i) = i**2 + 122*i + 3353. What is u(-79)?
-44
Let a(c) = -2*c**3 + 6*c**2 - 9*c + 28. Calculate a(4).
-40
Let w(c) = c**3 - 38*c**2 - 43*c + 179. Determine w(39).
23
Let g(h) = -3*h**2 - 48*h - 26. What is g(-16)?
-26
Let l(m) = -m**2 + 24*m + 1787. What is l(-32)?
-5
Let w(p) = -34*p + 22. Give w(13).
-420
Let w(y) = 2*y**3 - 37*y**2 - 30*y + 179. Calculate w(19).
-30
Let g(y) = -16*y**3 + 5*y + 5. Calculate g(-1).
16
Let s(o) = -21*o - 13. Calculate s(-2).
29
Let t(z) = 2*z**2 - 22*z - 659. Determine t(-13).
-35
Let d(o) = o**2 - 35*o + 129. Determine d(43).
473
Let c(v) = -5*v**2 - 14*v + 649. Calculate c(10).
9
Let q(r) = 17*r**2 + 4505*r + 4503. Calculate q(-1).
15
Let i(k) = -6*k**2 - 15*k - 29. What is i(-4)?
-65
Let n(x) = 126*x - 1259. Calculate n(10).
1
Let t(z) = 19*z + 795. Give t(-32).
187
Let x(j) = -478*j**2 - 1911*j. Give x(-4).
-4
Let c(j) = 3347*j - 13403. Determine c(4).
-15
Let z(c) = -20*c + 253. Calculate z(17).
-87
Let d(y) = y**3 + 11*y**2 + 23*y - 5. Determine d(-8).
3
Let x(f) = -249*f - 4205. Calculate x(-17).
28
Let g(y) = 225*y + 60770. Determine g(-270).
20
Let q(f) = 15*f - 152. Calculate q(10).
-2
Let b(o) = -3*o**3 - 299*o**2 + 110*o + 981. Determine b(-100).
-19
Let b(h) = -h**2 - 14*h + 1462. Give b(-46).
-10
Let s(g) = -1880*g - 5644. Calculate s(-3).
-4
Let u(s) = -s**3 - 58*s**2 - 397*s + 147. Give u(-50).
-3
Let r(f) = 6*f**3 - 28*f**2 + 25*f - 34. Determine r(5).
141
Let o(t) = 3*t**2 - 90*t - 53. Give o(30).
-53
Let a(r) = -r**3 - 48*r**2 - 167*r + 402. What is a(-44)?
6
Let i(n) = -n**2 + 44*n - 472. Give i(23).
11
Let k(y) = -11*y**2 + 12*y - 48. Give k(4).
-176
Let m(d) = 28*d - 61. Give m(2).
-5
Let k(b) = -2*b**3 + 17*b**2 - 44*b + 68. Determine k(6).
-16
Let w(u) = 844*u + 5931. Calculate w(-7).
23
Let v(n) = -4*n**3 - n**2 - 7*n + 7. Give v(1).
-5
Let o(r) = 32*r - 162. What is o(4)?
-34
Let j(i) = 30*i**2 + 4*i + 3. What is j(-1)?
29
Let f(s) = -5*s**3 - 110*s**2 - 11*s. Determine f(-22).
242
Let v(t) = -38*t + 300. Calculate v(9).
-42
Let f(m) = -4*m**2 + 141*m + 474. Determine f(38).
56
Let z(m) = 535*m + 6429. Give z(-12).
9
Let m(l) = -3*l**2 - 2*l + 3. Determine m(3).
-30
Let q(j) = -21*j**2 + 2902*j - 549. Calculate q(138).
3
Let r(i) = 2*i**3 + 29*i**2 + 13*i - 21. Determine r(-14).
-7
Let d(s) = -3305*s - 105755. Calculate d(-32).
5
Let t(d) = 439*d - 126868. Determine t(289).
3
Let t(n) = n**3 - n**2 + 3*n - 34. Give t(4).
26
Let m(s) = -2*s**3 - 32*s**2 - 35*s + 26. What is m(-15)?
101
Let p(q) = 28*q - 168. Give p(5).
-28
Let g(f) = 1417*f - 25501. What is g(18)?
5
Let c(n) = -451*n + 393. Give c(1).
-58
Let v(t) = 22*t**2 + 196*t - 976. What is v(5)?
554
Let s(x) = -2*x**2 + 93*x - 160. What is s(47)?
-207
Let i(y) = 18*y**2 + 129*y + 335. Give i(-7).
314
L